 base 3
2011
1 (base 4) to base 16
1
-4 (base 12) to base 11
-4
Convert -112 (base 5) to base 4.
-200
What is c3 (base 16) in base 14?
dd
5 (base 16) to base 4
11
Convert -2 (base 10) to base 5.
-2
What is 76 (base 15) in base 4?
1233
What is -134 (base 5) in base 11?
-40
What is -1010 (base 2) in base 4?
-22
What is -1101010 (base 2) in base 16?
-6a
Convert 47 (base 10) to base 7.
65
Convert 153 (base 9) to base 6.
333
-17 (base 13) to base 14
-16
-3 (base 14) to base 13
-3
What is 2111 (base 3) in base 8?
103
Convert -20 (base 13) to base 7.
-35
What is 3 (base 10) in base 8?
3
What is 21 (base 11) in base 13?
1a
11 (base 2) to base 15
3
What is -11120 (base 3) in base 8?
-173
8 (base 12) to base 5
13
Convert -1110 (base 3) to base 14.
-2b
130 (base 5) to base 4
220
27 (base 12) to base 2
11111
What is 46 (base 13) in base 8?
72
-24 (base 12) to base 10
-28
What is -1 (base 16) in base 8?
-1
Convert -39 (base 11) to base 8.
-52
-3 (base 6) to base 14
-3
111001 (base 2) to base 8
71
157 (base 9) to base 15
8d
1 (base 15) to base 9
1
-5 (base 9) to base 14
-5
Convert 9 (base 13) to base 10.
9
What is 2a (base 11) in base 7?
44
-1002 (base 3) to base 9
-32
Convert 221 (base 3) to base 6.
41
301 (base 4) to base 15
34
What is -34 (base 12) in base 2?
-101000
9 (base 13) to base 12
9
Convert -1242 (base 5) to base 15.
-d2
Convert 3323 (base 4) to base 8.
373
What is -10 (base 2) in base 9?
-2
2c (base 15) to base 9
46
-2 (base 13) to base 5
-2
Convert -3e (base 15) to base 6.
-135
-24 (base 6) to base 16
-10
Convert 13 (base 13) to base 15.
11
Convert 23 (base 14) to base 4.
133
1022 (base 4) to base 12
62
Convert 150 (base 6) to base 5.
231
What is -1 (base 8) in base 14?
-1
What is 124 (base 11) in base 7?
300
Convert -50 (base 13) to base 8.
-101
43 (base 15) to base 5
223
What is -4 (base 7) in base 2?
-100
What is -143 (base 5) in base 2?
-110000
Convert 1 (base 9) to base 7.
1
Convert -59 (base 15) to base 8.
-124
What is -2 (base 16) in base 13?
-2
Convert -32 (base 8) to base 6.
-42
Convert 65 (base 8) to base 14.
3b
Convert 10 (base 2) to base 4.
2
-12 (base 5) to base 16
-7
What is -10 (base 11) in base 12?
-b
Convert 2 (base 10) to base 12.
2
What is -52 (base 14) in base 8?
-110
Convert 357 (base 8) to base 11.
1a8
Convert -6 (base 10) to base 11.
-6
-9 (base 12) to base 14
-9
12 (base 12) to base 8
16
73 (base 11) to base 8
120
What is -23 (base 6) in base 13?
-12
-2 (base 13) to base 4
-2
What is 22 (base 3) in base 11?
8
9 (base 16) to base 12
9
Convert 3 (base 14) to base 13.
3
What is -27 (base 13) in base 15?
-23
What is -125 (base 11) in base 8?
-224
5b (base 16) to base 4
1123
Convert a (base 13) to base 5.
20
Convert -11011 (base 2) to base 13.
-21
What is -2 (base 14) in base 2?
-10
What is -10 (base 3) in base 4?
-3
Convert 2 (base 8) to base 12.
2
What is -1022 (base 3) in base 10?
-35
e5 (base 15) to base 8
327
Convert 10101 (base 2) to base 11.
1a
Convert -a (base 15) to base 14.
-a
What is -2 (base 12) in base 5?
-2
Convert -11001101 (base 2) to base 3.
-21121
What is 58 (base 10) in base 13?
46
2 (base 15) to base 14
2
Convert 160 (base 14) to base 2.
100011000
Convert 16 (base 14) to base 12.
18
6 (base 13) to base 2
110
What is -5 (base 12) in base 10?
-5
Convert -22 (base 6) to base 7.
-20
What is 11 (base 11) in base 16?
c
10101 (base 2) to base 4
111
-22 (base 3) to base 4
-20
What is 156 (base 11) in base 16?
b6
What is 35 (base 6) in base 3?
212
Convert 1111 (base 2) to base 11.
14
Convert 1001101 (base 2) to base 6.
205
What is 2 (base 16) in base 14?
2
-e (base 16) to base 5
-24
Convert -13 (base 12) to base 6.
-23
-7 (base 14) to base 15
-7
Convert 4 (base 12) to base 16.
4
Convert -101 (base 2) to base 5.
-10
2 (base 16) to base 8
2
Convert -1001111 (base 2) to base 8.
-117
-2 (base 7) to base 16
-2
1404 (base 5) to base 15
104
-10 (base 8) to base 16
-8
What is -15 (base 15) in base 11?
-19
Convert -1331 (base 5) to base 3.
-22000
Convert -76 (base 15) to base 4.
-1233
Convert 2133 (base 4) to base 11.
135
Convert 83 (base 14) to base 8.
163
What is -10 (base 7) in base 16?
-7
-1 (base 4) to base 15
-1
What is -35 (base 13) in base 16?
-2c
What is 86 (base 12) in base 6?
250
Convert 1101 (base 3) to base 12.
31
Convert -35 (base 11) to base 2.
-100110
What is 142 (base 5) in base 3?
1202
-63 (base 12) to base 10
-75
36 (base 9) to base 8
41
-1 (base 8) to base 3
-1
Convert -1001 (base 2) to base 12.
-9
12 (base 7) to base 12
9
What is 85 (base 12) in base 14?
73
-13 (base 16) to base 12
-17
Convert 30 (base 9) to base 11.
25
11 (base 3) to base 8
4
Convert 1c (base 16) to base 4.
130
What is -54 (base 13) in base 6?
-153
What is -14 (base 14) in base 7?
-24
4 (base 9) to base 4
10
34 (base 12) to base 16
28
30 (base 11) to base 2
100001
What is -224 (base 9) in base 16?
-b8
What is 143 (base 7) in base 13?
62
Convert -92 (base 11) to base 15.
-6b
-200 (base 3) to base 2
-10010
Convert -23 (base 6) to base 3.
-120
What is 1202 (base 4) in base 3?
10122
Convert -2 (base 13) to base 6.
-2
What is 106 (base 9) in base 5?
322
-18 (base 10) to base 7
-24
Convert 71 (base 10) to base 2.
1000111
Convert 8 (base 9) to base 14.
8
Convert -1 (base 12) to base 5.
-1
What is 21 (base 10) in base 7?
30
-2d (base 14) to base 7
-56
Convert 16 (base 13) to base 7.
25
126 (base 13) to base 8
311
What is -1 (base 4) in base 9?
-1
Convert 12 (base 14) to base 10.
16
Convert 12 (base 9) to base 4.
23
-42 (base 6) to base 8
-32
What is 1b (base 15) in base 9?
28
Convert 122 (base 3) to base 6.
25
What is -2201 (base 3) in base 12?
-61
Convert 4 (base 13) to base 10.
4
What is 250 (base 11) in base 6?
1213
Convert -35 (base 13) to base 2.
-101100
What is -23 (base 11) in base 16?
-19
Convert -7 (base 12) to base 9.
-7
What is -56 (base 11) in base 7?
-115
What is 10 (base 5) in base 16?
5
12 (base 13) to base 14
11
4 (base 9) to base 7
4
What is -12 (base 15) in base 10?
-17
What is 76 (base 13) in base 7?
166
What is -2 (base 8) in base 7?
-2
-15 (base 14) to base 8
-23
4 (base 8) to base 15
4
What is 14 (base 7) in base 9?
12
Convert 3 (base 13) to base 8.
3
What is -1110 (base 2) in base 3?
-112
What is -12 (base 4) in base 11?
-6
What is 440 (base 5) in base 3?
11110
Convert -2 (base 9) to base 13.
-2
Convert 41 (base 6) to base 9.
27
-211 (base 4) to base 9
-41
What is -103 (base 4) in base 6?
-31
What is -11 (base 12) in base 10?
-13
-3 (base 4) to base 8
-3
203 (base 8) to base 14
95
Convert -222 (base 6) to base 5.
-321
Convert -3 (base 14) to base 16.
-3
Convert 13 (base 5) to base 11.
8
What is 111 (base 2) in base 6?
11
-20 (base 9) to base 15
-13
What is 17 (base 13) in base 5?
40
What is -5 (base 10) in base 3?
-12
Convert -1010011 (base 2) to base 4.
-1103
What is 1 (base 6) in base 15?
1
Convert -47 (base 10) to base 9.
-52
What is 11 (base 3) in base 6?
4
Convert -2 (base 14) to base 6.
-2
What is -1 (base 4) in base 2?
-1
-3a (base 16) to base 6
-134
-213 (base 6) to base 16
-51
-2 (base 14) to base 12
-2
What is 25 (base 13) in base 16?
1f
-2 (base 5) to base 7
-2
Convert -40 (base 16) to base 9.
-71
What is -2 (base 6) in base 12?
-2
Convert -7b (base 15) to base 3.
-11022
Convert 32 (base 5) to base 10.
17
-1 (base 3) to base 16
-1
What is -80 (base 14) in base 10?
-112
-1 (base 14) to base 11
-1
-23 (base 10) to base 7
-32
Convert 5 (base 15) to base 4.
11
What is -155 (base 8) in base 3?
-11001
Convert -22 (base 7) to base 13.
-13
What is 2 (base 11) in base 10?
2
Convert 328 (base 11) to base 6.
1453
What is -a (base 11) in base 14?
-a
Convert -3 (base 11) to base 13.
-3
What is 1010 (base 2) in base 13?
a
What is -102 (base 4) in base 7?
-24
Convert 0 (base 16) to base 13.
0
What is 14 (base 11) in base 2?
1111
Convert -305 (base 7) to base 3.
-12122
What is 35 (base 12) in base 2?
101001
-45 (base 10) to base 8
-55
Convert 110000 (base 3) to base 15.
169
-3 (base 10) to base 8
-3
22 (base 7) to base 11
15
What is -32 (base 4) in base 10?
-14
Convert 100100010 (base 2) to base 13.
194
What is 2 (base 16) in base 8?
2
Convert -4 (base 14) to base 7.
-4
What is 1102 (base 4) in base 14?
5c
Convert -4 (base 8) to base 10.
-4
Convert 1210 (base 3) to base 7.
66
What is 33 (base 4) in base 8?
17
What is 22